rst derivative of 7*m**3/3 - 7*m**2/2 + 10*m - 3. Let z be g(-7). Let p be 6/(-15) - z/(-5). What is the greatest common factor of 10 and p?
10
Let b = 309 + -221. Suppose 3*i + 31 = y, 105 = 5*y - 2*i - 11. What is the highest common divisor of b and y?
22
Let b be (-8)/26 - (-2640)/130. Suppose u - 130 = -3*u + 2*h, 10 = u + 4*h. Calculate the greatest common factor of u and b.
10
Let u(r) = -41*r + 10. Let t be u(-3). Let h be 1 - -8 - ((-7 - -5) + 4). Calculate the greatest common factor of h and t.
7
Suppose 5*t = -2*s - 2*s + 457, 4*t = 2*s - 196. Let h(n) = n**3 + 7*n**2 - 10*n + 2. Let m be h(-8). What is the greatest common factor of m and s?
18
Let a = 1401 - 1289. What is the greatest common divisor of a and 98?
14
Let n(l) = -l**3 - 13*l**2 + 2*l + 16. Let s be n(-13). Let o be (-18)/s - (-1)/5. Suppose k = -o + 7. Calculate the highest common factor of 10 and k.
5
Let s be (-2 - -8)*(-77)/(-33). What is the highest common divisor of s and 2?
2
Let z(r) be the second derivative of r**4/3 - 4*r**3 + r**2/2 - 14*r. Let g be z(7). What is the greatest common factor of 145 and g?
29
Suppose 4*r = -4, 3*p - r - 11 = 2*p. Suppose -2*c - 16 + 52 = -3*b, 2*c - 2*b = 34. Calculate the greatest common factor of p and c.
5
Let l(n) = 22*n**2 - 8*n + 22. Let i be l(2). What is the greatest common divisor of 705 and i?
47
Let t = 87 - 65. Let y = t + 32. What is the highest common divisor of 36 and y?
18
Let i(r) = -2*r**2 - 16*r + 3. Let q be i(-8). Suppose q*c = -c + 2032. Let w = 717 - c. What is the highest common divisor of 19 and w?
19
Let o(m) = 23*m - 3. Let u be o(3). Let h = 34 - 1. What is the greatest common factor of u and h?
33
Let p be 5/(15/(-444)) - -1. Let i be (-7 - -8)*(-1)/(3/p). What is the greatest common factor of 7 and i?
7
Suppose -5492 = -5*l + 4*t, 5*l - 4*l - 1108 = -4*t. What is the greatest common divisor of 80 and l?
20
Suppose 20 = 4*i, 548 = c + 4*i + 112. What is the highest common divisor of 24 and c?
8
Suppose 0 = -2*f - f. Suppose -h - h - 150 = -4*j, f = 3*j - 5*h - 123. Calculate the highest common divisor of 12 and j.
12
Suppose -g = 2*x - 58, 5*x = 5*g - 0*g + 160. What is the highest common divisor of 15 and x?
15
Let o = 885 - 462. Calculate the greatest common factor of o and 18.
9
Let q(m) = m**2 - 19*m + 40. Let v be q(13). Let z = -37 - v. What is the greatest common factor of 4 and z?
1
Let f be -1*201*((-2 - 0) + 9). Let t be f/(-9) - (-5)/(-45)*3. Calculate the greatest common factor of 104 and t.
52
Let s(n) = -2*n**3 - 44*n**2 + 42*n - 50. Let f be s(-23). Calculate the highest common factor of 14 and f.
14
Let q = -9 + 31. Suppose 5*k - 22 - q = 4*h, 2*h = k - 10. Suppose -5 = -x - 3. What is the greatest common divisor of x and k?
2
Let q = -1776 - -1898. Calculate the highest common factor of 3782 and q.
122
Let k = 49 - 47. Suppose -19 = -3*v - 1. Calculate the greatest common divisor of k and v.
2
Let g(b) = -b**2 - 2*b + 17. Let h be g(-11). Let k = 157 + h. Let c be ((-30)/3)/(1/(-3)). Calculate the greatest common divisor of k and c.
15
Suppose 13*s - 55 = 8*s. Let x(f) = f**2 + 12*f + 3. Let h be x(-17). What is the highest common factor of s and h?
11
Let p = -890 + 1229. Calculate the greatest common factor of p and 113.
113
Suppose -2*g + 134 + 96 = -5*b, -g + 4*b = -121. Suppose -4*k - g = 3*k. Let v = 20 + k. Calculate the highest common factor of 5 and v.
5
Suppose 0 = 2*u - 6 - 0. Let y = u - -2. Suppose -y*c + 5*t = -40, -c - 2*t = t + 4. Calculate the greatest common factor of 2 and c.
1
Let f = 7 + -2. Suppose 4 = t - 2*q - 1, 4*t - 2*q = 8. What is the highest common factor of t and f?
1
Let o be (-3 - -5)/(8/(-132)). Let c be (-12)/66 + (-6)/o. Suppose f - 2*f - 4 = c, 2*f = -4*s + 352. What is the highest common factor of s and 15?
15
Suppose -6*w + 5*w + 14 = 0. Suppose -5*y + 180 = 3*m, y - 3*m - 4 - w = 0. What is the greatest common divisor of 11 and y?
11
Suppose -l = -28 + 193. Let z = 354 + l. What is the greatest common divisor of 21 and z?
21
Let o be -4*((-2)/(-2))/(-30) + 47124/2970. Suppose -3*a + 330 + 294 = 0. Calculate the highest common divisor of a and o.
16
Let z = -938 + 1848. Calculate the greatest common factor of 70 and z.
70
Let b(n) = -n**2 + n + 14. Let h be b(0). Suppose h = -2*l + 4. Let m be l/(-3) - 14/21. Calculate the greatest common factor of 8 and m.
1
Suppose 329 = 4*m + 937. Let a = m - -339. Calculate the highest common factor of 11 and a.
11
Let o(s) = s**2 - s - 9. Let a be o(4). Suppose -t - 8 = -a*u, -2*u = 2*t - 17 + 1. Suppose 6*g = 8*g - 88. Calculate the highest common divisor of t and g.
4
Let q = 1224 + -1096. Calculate the highest common factor of q and 12.
4
Suppose -888*m = -880*m - 64. Suppose -4 = -3*z + 2*z. Suppose 0 = -z*i + 5*v + 62 + 199, -3*i + v = -193. Calculate the highest common factor of m and i.
8
Let q(g) = -g**3 - 4*g**2 + g + 4. Let u be q(0). Calculate the highest common factor of u and 44.
4
Suppose 120 = 5*b + 2*x - 8, b - 2*x = 16. Let w(y) = -2*y**3 - 9*y**2 + 4*y - 1. Let r be w(-7). Calculate the greatest common factor of b and r.
24
Suppose 7*z + 17*z - 1536 = 0. Calculate the highest common divisor of z and 96.
32
Let g be ((-99)/66)/(6/(-404)). What is the highest common divisor of 1717 and g?
101
Let f = 101 + 25. Let o = f - 111. What is the greatest common factor of 240 and o?
15
Let m = 1 + 2. Suppose i + m + 2 = -2*x, -x = -4*i - 20. Let f = x + 1. What is the highest common factor of 1 and f?
1
Suppose 3*p - 14 = -134. Let u = -36 - p. What is the greatest common factor of 88 and u?
4
Let q(n) = -n**3 - 2*n**2 - 3*n. Let t be q(-2). Let m be (-456)/(-7) + 5/(-35). Suppose -3*s = m - 92. Calculate the greatest common divisor of s and t.
3
Suppose 0 = -0*d + 9*d - 108. Let x be (-11)/(-4) - d/16. Calculate the highest common divisor of 3 and x.
1
Let q(b) = -b**3 - 9*b**2 - 8*b - 1. Suppose -29 = 2*h - 7. Let x be q(h). Calculate the highest common divisor of 47 and x.
47
Suppose -v = 5*z - 0*z + 22, -25 = 5*z. Suppose v*t = -7 + 70. What is the highest common divisor of 231 and t?
21
Suppose 3*p = 109 + 23. What is the highest common factor of p and 165?
11
Suppose -5*k + 99 = 3*c, -6*k - 199 = -5*c - 3*k. What is the greatest common factor of 57 and c?
19
Let a = 114 - 49. Let c be 39*(3/9)/1. What is the greatest common factor of c and a?
13
Suppose -3*s + 2*r + 335 = 0, -2*r - r + 15 = 0. Calculate the greatest common divisor of 69 and s.
23
Suppose 109*l - 122*l = -3575. Calculate the greatest common factor of l and 11.
11
Let k = 28 - -97. Let y(b) be the second derivative of b**3/2 + 10*b**2 - 21*b. Let g be y(10). What is the highest common factor of k and g?
25
Let q be (-9520)/(-72) - 2/9. What is the greatest common divisor of 6 and q?
6
Let t be (0 - -17)*((-2)/1 - -3). Let a be t + (-2 - (-2)/(-2)). What is the greatest common factor of a and 28?
14
Suppose -6*g + 91 = -11. Suppose -g*l + 19*l = 20. What is the highest common divisor of l and 50?
10
Suppose 8 = 5*t + 3*u - 17, -2*u + 18 = 4*t. Suppose -c + 12 = t*o, 0 = -5*c - 3*o + 64 - 25. Calculate the greatest common factor of 6 and c.
6
Let i be 27/(6 - (3 + (-9)/(-6))). Calculate the highest common factor of i and 12.
6
Let v = 2 + 0. Suppose -4*o + 27 = -3*j, -2*o - 4*j + v + 6 = 0. Let i = 12 + -6. What is the highest common divisor of i and o?
6
Suppose 25 - 125 = -5*d. Let n = 28 - 23. Suppose 0 = 9*s - n*s - 240. What is the greatest common factor of d and s?
20
Suppose 2*a = -w + 24, -6*a = w - a - 30. Suppose -3*u = w - 74. Let i(h) = 72*h**2 + h + 1. Let f be i(-1). What is the greatest common factor of u and f?
18
Suppose -176 = -6*x - 152. What is the highest common divisor of x and 121?
1
Suppose -149*q + 3234 = -127*q. What is the highest common divisor of 12 and q?
3
Let h be 6*(40/15 - 2). Let s be 204/3 - (h + -6). Suppose -8*t = -3*t - 5*i - 45, 0 = -2*t - 4*i + 48. What is the highest common divisor of s and t?
14
Suppose 0 = r + 2*n - 10, -4*r - 5*n = 5 - 33. Suppose 4*z - 49 = -f, -r*f + 6*f = z + 111. What is the greatest common divisor of f and 203?
29
Suppose -5*h + 155 = -u + 6*u, 4*u - 3*h = 131. Calculate the highest common divisor of 352 and u.
32
Let d(l) = 5*l**2 - 25*l + 4. Let n be d(6). W